5558711 and 119.
17
What is the highest common divisor of 26568 and 192456?
648
Calculate the greatest common divisor of 21 and 760557.
21
What is the greatest common factor of 810 and 21631980?
30
What is the highest common divisor of 6797380 and 128140?
2980
What is the highest common factor of 52020140 and 2345?
335
Calculate the highest common divisor of 5770890 and 8140.
370
Calculate the greatest common factor of 18 and 161664252.
6
Calculate the greatest common divisor of 1420 and 1320884.
284
What is the greatest common divisor of 8520 and 6191910?
2130
Calculate the highest common factor of 49648 and 8904112.
1712
What is the highest common divisor of 1385 and 156367885?
1385
Calculate the greatest common divisor of 8278823 and 28.
7
What is the highest common divisor of 597 and 12135219?
597
What is the highest common factor of 145051 and 26574138?
1987
What is the highest common factor of 143553 and 836295?
1317
Calculate the greatest common factor of 306 and 72390012.
102
What is the highest common factor of 4070434 and 31656?
2638
What is the greatest common divisor of 36980042 and 1254?
418
What is the highest common divisor of 114452812 and 656?
164
What is the highest common factor of 14491266 and 175346?
2402
Calculate the highest common factor of 1419806 and 1836.
34
Calculate the highest common divisor of 868222089 and 4239.
1413
Calculate the greatest common divisor of 13938580 and 100.
20
Calculate the greatest common factor of 39 and 1846871.
13
Calculate the greatest common divisor of 585 and 4062955.
65
Calculate the highest common divisor of 11540426 and 258.
86
What is the highest common divisor of 2831 and 962768?
19
What is the greatest common divisor of 61037 and 36180?
67
Calculate the highest common factor of 63933 and 3282702.
303
Calculate the highest common divisor of 183244 and 21526664.
3004
Calculate the greatest common factor of 587574 and 779402.
806
What is the highest common divisor of 997696 and 4032?
448
Calculate the greatest common divisor of 5590 and 530985.
65
Calculate the highest common divisor of 5 and 1086347.
1
What is the highest common factor of 3989405 and 2240?
35
What is the greatest common divisor of 30879093 and 229231?
5591
Calculate the highest common divisor of 2356 and 3383092.
124
Calculate the greatest common factor of 17456586 and 184.
46
What is the highest common factor of 1656102 and 1310?
262
What is the greatest common divisor of 75 and 268935?
15
What is the highest common factor of 1426 and 5269690?
62
Calculate the greatest common divisor of 46662 and 80619.
231
What is the greatest common factor of 178 and 55097942?
178
Calculate the highest common factor of 424793 and 7913.
193
Calculate the greatest common divisor of 1627911 and 783.
27
What is the greatest common factor of 576 and 8039448?
72
What is the greatest common divisor of 68 and 1141697033?
17
Calculate the highest common factor of 26092828 and 2336.
292
What is the highest common factor of 613677 and 644007?
1011
What is the highest common divisor of 78120656 and 16?
16
What is the highest common factor of 360 and 6023700?
180
What is the highest common factor of 288 and 28644504?
24
What is the highest common factor of 42600 and 615900?
300
What is the highest common factor of 101400 and 66?
6
Calculate the greatest common divisor of 1079279 and 1836.
17
Calculate the highest common factor of 2936017 and 6608.
413
What is the greatest common divisor of 966131 and 950?
19
Calculate the highest common factor of 24 and 1009342824.
24
What is the highest common divisor of 8352 and 17210688?
2784
Calculate the greatest common factor of 23522 and 440534.
38
What is the greatest common factor of 5457555 and 7245?
1035
Calculate the highest common divisor of 3335 and 699190.
145
Calculate the greatest common factor of 897 and 21333.
39
Calculate the greatest common divisor of 31165 and 2896160.
115
Calculate the highest common factor of 60270 and 65190.
1230
Calculate the highest common divisor of 28352792 and 1040.
104
What is the greatest common factor of 8503152 and 7368?
24
What is the highest common divisor of 5269789 and 5768?
721
What is the greatest common factor of 1308 and 122769861?
327
What is the highest common divisor of 163080 and 2475645?
2265
Calculate the highest common factor of 22519141 and 639.
71
Calculate the greatest common divisor of 73082221 and 54456.
2269
Calculate the highest common factor of 384 and 334984.
8
What is the greatest common factor of 16302364 and 3016?
52
What is the greatest common factor of 15486 and 3041132937?
7743
What is the greatest common divisor of 7372053 and 1053?
1053
Calculate the highest common divisor of 225726046 and 2756.
1378
What is the highest common divisor of 5543569 and 656?
41
What is the highest common divisor of 422 and 4307286058?
422
Calculate the greatest common divisor of 80 and 93445488.
16
Calculate the greatest common factor of 24 and 15381732.
12
Calculate the highest common divisor of 20686899 and 1.
1
Calculate the highest common factor of 1092420 and 15498.
378
What is the greatest common factor of 232805 and 16386245?
2305
Calculate the greatest common factor of 253203 and 2463.
3
What is the highest common factor of 1993735 and 48110?
1415
Calculate the greatest common divisor of 7143424 and 1744.
1744
Calculate the highest common factor of 1523264 and 192.
64
Calculate the highest common divisor of 17589 and 21276827.
5863
Calculate the highest common factor of 26556 and 83784.
12
Calculate the greatest common factor of 578 and 1898866.
34
What is the highest common factor of 12680808 and 57597?
789
Calculate the highest common factor of 267 and 39253361.
89
Calculate the greatest common divisor of 1647127934 and 46.
46
Calculate the highest common factor of 21231 and 128737707.
7077
Calculate the greatest common divisor of 9449478 and 180.
18
What is the greatest common divisor of 3769704 and 3689253?
11493
Calculate the greatest common factor of 2313 and 155415096.
2313
What is the highest common factor of 7308 and 42462?
126
What is the highest common factor of 44441568 and 180?
36
What is the highest common divisor of 1407 and 79497309?
201
What is the greatest common factor of 142444049 and 5654?
2827
Calculate the highest common factor of 20877130 and 360.
10
Calculate the greatest common factor of 244500702 and 114.
114
Calculate the greatest common divisor of 560 and 30870.
70
Calculate the highest common factor of 236953 and 143691.
211
What is the highest common divisor of 14380 and 277520?
20
Calculate the greatest common factor of 24191 and 747796.
17
Calculate the highest common factor of 4643089 and 1936.
11
What is the greatest common divisor of 3214961956 and 662?
662
Calculate the highest common factor of 136942 and 59306.
26
What is the greatest common divisor of 712 and 9125170?
178
Calculate the highest common divisor of 448 and 80648.
8
What is the greatest common divisor of 11340 and 74245410?
810
What is the highest common factor of 118053 and 5?
1
Calculate the highest common divisor of 364196 and 9506.
14
What is the greatest common divisor of 187 and 490279592?
187
What is the greatest common divisor of 1500 and 135514000?
500
Calculate the highest common factor of 6627870 and 1035.
45
What is the highest common factor of 392 and 42087668?
196
What is the greatest common factor of 290 and 29817510?
290
What is the highest common factor of 25876 and 1744?
4
Calculate the highest common divisor of 60 and 1490265.
15
Calculate the greatest common factor of 8097265 and 1628.
407
What is the greatest common factor of 3625 and 2633?
1
What is the greatest common factor of 3049440 and 225?
15
What is the greatest common factor of 39216 and 369968?
304
Calculate the highest common factor of 1568465 and 155.
5
What is the greatest common divisor of 12132428 and 1936?
484
What is the highest common factor of 10783 and 58753?
41
Calculate the highest common factor of 4564515 and 165.
15
What is the highest common divisor of 55033 and 28875?
11
Calculate the greatest common divisor of 523771105 and 72930.
12155
What is the greatest common factor of 1484504 and 504?
56
Calculate the highest common factor of 4239148